12
20 (base 3) to base 14
6
What is 2 (base 6) in base 13?
2
-66 (base 7) to base 11
-44
1312 (base 5) to base 9
250
-3102 (base 4) to base 16
-d2
-18 (base 9) to base 3
-122
What is -6 (base 9) in base 8?
-6
Convert -105 (base 10) to base 5.
-410
20 (base 8) to base 6
24
Convert -34 (base 10) to base 15.
-24
-10000101 (base 2) to base 14
-97
What is -12 (base 12) in base 16?
-e
What is 115 (base 8) in base 10?
77
What is -3 (base 12) in base 7?
-3
-27 (base 10) to base 11
-25
Convert 3 (base 9) to base 7.
3
Convert 2 (base 5) to base 14.
2
What is -10 (base 5) in base 14?
-5
52 (base 7) to base 5
122
Convert 146 (base 11) to base 10.
171
Convert -12 (base 12) to base 10.
-14
-21 (base 7) to base 9
-16
2 (base 7) to base 13
2
What is 21 (base 3) in base 6?
11
What is -bd (base 15) in base 12?
-12a
What is -102 (base 13) in base 15?
-b6
Convert 17 (base 12) to base 3.
201
-64 (base 8) to base 14
-3a
Convert 11 (base 13) to base 7.
20
Convert 94 (base 10) to base 11.
86
What is 131 (base 6) in base 5?
210
-2 (base 6) to base 13
-2
-215 (base 11) to base 8
-402
-3 (base 15) to base 13
-3
0 (base 8) to base 6
0
Convert -13a (base 13) to base 14.
-118
Convert 5 (base 16) to base 5.
10
Convert -2 (base 12) to base 14.
-2
Convert 12 (base 5) to base 14.
7
What is 4 (base 12) in base 14?
4
45 (base 7) to base 3
1020
What is 97 (base 11) in base 14?
78
-2 (base 6) to base 14
-2
What is 49 (base 16) in base 9?
81
What is 1 (base 16) in base 6?
1
Convert -20 (base 14) to base 15.
-1d
What is -58 (base 13) in base 7?
-133
Convert -20210 (base 3) to base 9.
-223
What is -52 (base 7) in base 8?
-45
Convert 38 (base 12) to base 11.
40
4 (base 8) to base 9
4
What is -32 (base 13) in base 12?
-35
1112 (base 3) to base 13
32
Convert 0 (base 5) to base 13.
0
Convert 2 (base 3) to base 10.
2
What is 12 (base 12) in base 9?
15
What is -8 (base 16) in base 7?
-11
Convert -21 (base 4) to base 9.
-10
-42 (base 7) to base 11
-28
What is 47 (base 9) in base 13?
34
250 (base 11) to base 3
102000
What is 39 (base 11) in base 6?
110
-12111 (base 3) to base 4
-2110
What is -29 (base 13) in base 15?
-25
-101 (base 9) to base 13
-64
-554 (base 7) to base 15
-13e
What is 46 (base 15) in base 4?
1002
Convert 110 (base 11) to base 12.
b0
Convert 0 (base 13) to base 12.
0
What is 2110 (base 3) in base 13?
51
-1a (base 14) to base 3
-220
Convert 5 (base 8) to base 12.
5
101111 (base 2) to base 13
38
-1 (base 12) to base 7
-1
What is -13 (base 4) in base 6?
-11
What is 10 (base 13) in base 12?
11
-13 (base 7) to base 8
-12
What is -20 (base 7) in base 5?
-24
What is -14 (base 10) in base 11?
-13
What is 52 (base 7) in base 6?
101
-2 (base 8) to base 13
-2
Convert 10e (base 15) to base 5.
1424
What is b (base 15) in base 13?
b
Convert -124 (base 15) to base 13.
-16c
What is 1000 (base 3) in base 7?
36
-2 (base 15) to base 6
-2
What is 2 (base 13) in base 8?
2
-7 (base 15) to base 3
-21
Convert 111 (base 2) to base 5.
12
Convert -10 (base 3) to base 7.
-3
Convert 110000 (base 2) to base 14.
36
What is -26 (base 14) in base 7?
-46
What is 16 (base 9) in base 6?
23
Convert -142 (base 5) to base 7.
-65
Convert 0 (base 12) to base 6.
0
Convert 51 (base 10) to base 15.
36
-4 (base 7) to base 4
-10
What is -11 (base 2) in base 12?
-3
-22 (base 5) to base 2
-1100
What is -1 (base 15) in base 8?
-1
What is -47 (base 10) in base 16?
-2f
-35 (base 12) to base 7
-56
What is -1010111 (base 2) in base 16?
-57
-6 (base 14) to base 12
-6
18 (base 13) to base 7
30
Convert 6 (base 8) to base 4.
12
Convert -1 (base 6) to base 2.
-1
Convert 100 (base 2) to base 4.
10
What is -214 (base 7) in base 15?
-74
32 (base 5) to base 7
23
What is 349 (base 10) in base 6?
1341
Convert -1010111 (base 2) to base 8.
-127
0 (base 12) to base 16
0
-25 (base 12) to base 9
-32
What is -134 (base 6) in base 2?
-111010
What is 1 (base 13) in base 14?
1
Convert 23 (base 10) to base 9.
25
-480 (base 9) to base 8
-614
Convert -7 (base 12) to base 13.
-7
Convert -10 (base 5) to base 4.
-11
What is 11 (base 6) in base 11?
7
Convert 122 (base 3) to base 14.
13
-1454 (base 6) to base 2
-110001010
-1 (base 8) to base 4
-1
Convert 21210 (base 3) to base 13.
132
Convert -5 (base 16) to base 6.
-5
Convert 0 (base 12) to base 5.
0
What is -54 (base 6) in base 16?
-22
-1201 (base 3) to base 13
-37
0 (base 13) to base 16
0
-3 (base 11) to base 10
-3
103 (base 7) to base 10
52
Convert 11 (base 4) to base 14.
5
-22 (base 3) to base 12
-8
Convert -5 (base 7) to base 9.
-5
What is 82 (base 13) in base 8?
152
Convert -1024 (base 6) to base 12.
-174
Convert -14 (base 13) to base 3.
-122
What is c (base 15) in base 12?
10
-60 (base 10) to base 2
-111100
Convert 2 (base 3) to base 8.
2
0 (base 16) to base 5
0
What is -9 (base 10) in base 14?
-9
What is 112 (base 4) in base 5?
42
-121 (base 7) to base 12
-54
1 (base 5) to base 16
1
Convert 0 (base 12) to base 15.
0
Convert 0 (base 7) to base 8.
0
-2 (base 11) to base 4
-2
What is 14 (base 11) in base 12?
13
What is -300 (base 12) in base 6?
-2000
32 (base 7) to base 3
212
What is -291 (base 10) in base 15?
-146
Convert 3 (base 7) to base 12.
3
What is -92 (base 14) in base 7?
-242
Convert 17 (base 8) to base 9.
16
What is -116 (base 7) in base 6?
-142
-25 (base 6) to base 14
-13
161 (base 12) to base 9
261
Convert 4 (base 12) to base 13.
4
What is -6 (base 8) in base 15?
-6
3 (base 12) to base 6
3
What is 10201 (base 3) in base 7?
202
What is -2b (base 13) in base 16?
-25
What is 0 (base 4) in base 5?
0
Convert 101 (base 3) to base 12.
a
15 (base 10) to base 4
33
What is 8 (base 10) in base 2?
1000
Convert 3 (base 7) to base 13.
3
What is -12 (base 4) in base 2?
-110
What is 11001 (base 2) in base 7?
34
-1 (base 3) to base 4
-1
-2 (base 12) to base 4
-2
Convert -14 (base 16) to base 4.
-110
What is -1135 (base 7) in base 8?
-642
Convert 217 (base 9) to base 7.
343
242 (base 10) to base 8
362
8 (base 9) to base 6
12
Convert -a3 (base 16) to base 7.
-322
What is 27 (base 10) in base 5?
102
Convert 4 (base 6) to base 12.
4
Convert -11 (base 16) to base 8.
-21
What is -29 (base 12) in base 14?
-25
26 (base 16) to base 2
100110
115 (base 7) to base 16
3d
What is -7 (base 11) in base 9?
-7
-9c (base 13) to base 5
-1004
Convert -247 (base 8) to base 3.
-20012
6 (base 15) to base 6
10
10 (base 3) to base 16
3
22 (base 3) to base 15
8
-7 (base 16) to base 14
-7
-2 (base 15) to base 8
-2
Convert 3 (base 4) to base 3.
10
c (base 15) to base 13
c
-344 (base 9) to base 8
-433
Convert 6 (base 11) to base 7.
6
What is -20 (base 7) in base 6?
-22
Convert 3 (base 13) to base 4.
3
Convert 130 (base 5) to base 16.
28
Convert 0 (base 16) to base 9.
0
3 (base 12) to base 5
3
Convert a (base 16) to base 10.
10
Convert -29 (base 10) to base 12.
-25
Convert cc (base 15) to base 13.
11a
What is -217 (base 10) in base 15?
-e7
28 (base 9) to base 12
22
What is 10 (base 11) in base 16?
b
What is -8d (base 16) in base 4?
-2031
Convert -35 (base 16) to base 12.
-45
-312 (base 4) to base 3
-2000
What is -a (base 15) in base 9?
-11
What is 30 (base 9) in base 5?
102
1 (base 2) to base 7
1
-1a6 (base 12) to base 3
-101000
Convert 230 (base 4) to base 11.
40
Convert 29 (base 15) to base 10.
39
-41 (base 6) to base 13
-1c
22 (base 10) to base 13
19
Convert 54 (base 15) to base 12.
67
1 (base 8) to base 13
1
Convert 1 (base 6) to base 2.
1
-17 (base 14) to base 11
-1a
Convert 0 (base 3) to base 8.
0
What is 3 (base 8) in base 7?
3
Convert 18 (base 10) to base 9.
20
-210 (base 4) to base 7
-51
What is -16 (base 12) in base 5?
-33
Convert 16 (base 8) to base 2.
1110
What is 23 (base 14) in base 8?
37
What is 3 (base 15) in base 10?
3
3 (base 4) to base 16
3
Convert -3 (base 9) to base 10.
-3
Convert 24 (base 9) to base 15.
17
What is 2 (base 12) in base 10?
2
What is 2100 (base 4) in base 8?
220
What is 63 (base 14) in base 11?
7a
What is -11 (base 4) in base 12?
-5
6c (base 15) to base 5
402
What is b (base 14) in base 9?
12
What is -41 (base 8) in base 11?
-30
Convert -100 (base 2) to base 8.
-4
Convert -1 (base 11) to base 15.
-1
15 (base 13) to base 15
13
What is -100000 (base 2) in base 5?
-112
-44 (base 6) to base 11
-26
What is 1 (base 2) in base 13?
1
Convert -112 (base 7) to base 9.
-64
-1 (base 7) to base 12
-1
What